{"id":39,"date":"2021-10-31T14:27:50","date_gmt":"2021-10-31T13:27:50","guid":{"rendered":"http:\/\/wytiwisq.fr\/?page_id=39"},"modified":"2021-10-31T20:26:36","modified_gmt":"2021-10-31T19:26:36","slug":"animation-comite-dentreprise","status":"publish","type":"page","link":"https:\/\/wytiwisq.fr\/index.php\/animation-comite-dentreprise\/","title":{"rendered":"Animation Comit\u00e9 d&#8217;entreprise"},"content":{"rendered":"\n<div class=\"wp-block-image\"><figure class=\"aligncenter size-full\"><img loading=\"lazy\" decoding=\"async\" width=\"621\" height=\"326\" src=\"https:\/\/wytiwisq.fr\/wp-content\/uploads\/2021\/10\/comite-dentreprise-danse-de-salon.png\" alt=\"danse de salon pour un comit\u00e9 d'entreprise\" class=\"wp-image-61\" srcset=\"https:\/\/wytiwisq.fr\/wp-content\/uploads\/2021\/10\/comite-dentreprise-danse-de-salon.png 621w, https:\/\/wytiwisq.fr\/wp-content\/uploads\/2021\/10\/comite-dentreprise-danse-de-salon-300x157.png 300w\" sizes=\"auto, (max-width: 621px) 100vw, 621px\" \/><\/figure><\/div>\n\n\n\n<p>Vous avez pr\u00e9vu une journ\u00e9e coh\u00e9sion dans votre entreprise ? Rien de tel qu&#8217;une animation de danse pour rapprocher vos collaborateurs et permettre une autre forme de communication. <\/p>\n\n\n\n<p>\u00c0 travers le Cha-cha-cha, je vous propose de vous initier \u00e0 une danse festive et ludique, mais bien plus que cela.<\/p>\n\n\n\n<div class=\"wp-block-image\"><figure class=\"aligncenter size-full\"><img loading=\"lazy\" decoding=\"async\" width=\"621\" height=\"415\" src=\"https:\/\/wytiwisq.fr\/wp-content\/uploads\/2021\/10\/comite-dentreprise-dans-de-salon.png\" alt=\"danse coh\u00e9sion entreprise\" class=\"wp-image-70\" srcset=\"https:\/\/wytiwisq.fr\/wp-content\/uploads\/2021\/10\/comite-dentreprise-dans-de-salon.png 621w, https:\/\/wytiwisq.fr\/wp-content\/uploads\/2021\/10\/comite-dentreprise-dans-de-salon-300x200.png 300w\" sizes=\"auto, (max-width: 621px) 100vw, 621px\" \/><\/figure><\/div>\n\n\n\n<p>Cette animation permet \u00e9galement d&#8217;aborder une autre fa\u00e7on de r\u00e9soudre des probl\u00e8mes entre personnes : si une figure ne passe pas, est-ce la faute de l&#8217;un, de l&#8217;autre, des deux personnes du couple dansant ? Comment r\u00e9soudre cette situation de fa\u00e7on constructive. On prend le temps d&#8217;analyser ce qui fonctionne, ce qui ne fonctionne pas et de proposer des solutions \u00e0 tester ensemble pour faire avancer l&#8217;\u00e9quipe avec son partenaire.<\/p>\n\n\n\n<p>La danse permet \u00e9galement de comprendre vos collaborateurs et collaboratrices d&#8217;une autre fa\u00e7on qu&#8217;\u00e0 travers une table de r\u00e9union, voir comme ils\/elles \u00e9voluent physiquement dans un espace.<\/p>\n","protected":false},"excerpt":{"rendered":"<p>Vous avez pr\u00e9vu une journ\u00e9e coh\u00e9sion dans votre entreprise ? Rien de tel qu&#8217;une animation de danse pour rapprocher vos collaborateurs et permettre une autre forme de communication. \u00c0 travers le Cha-cha-cha, je vous propose de vous initier \u00e0 une danse festive et ludique, mais bien plus que cela. Cette animation permet \u00e9galement d&#8217;aborder une [&hellip;]<\/p>\n","protected":false},"author":1,"featured_media":0,"parent":0,"menu_order":0,"comment_status":"closed","ping_status":"closed","template":"","meta":{"footnotes":""},"class_list":["post-39","page","type-page","status-publish","hentry"],"_links":{"self":[{"href":"https:\/\/wytiwisq.fr\/index.php\/wp-json\/wp\/v2\/pages\/39","targetHints":{"allow":["GET"]}}],"collection":[{"href":"https:\/\/wytiwisq.fr\/index.php\/wp-json\/wp\/v2\/pages"}],"about":[{"href":"https:\/\/wytiwisq.fr\/index.php\/wp-json\/wp\/v2\/types\/page"}],"author":[{"embeddable":true,"href":"https:\/\/wytiwisq.fr\/index.php\/wp-json\/wp\/v2\/users\/1"}],"replies":[{"embeddable":true,"href":"https:\/\/wytiwisq.fr\/index.php\/wp-json\/wp\/v2\/comments?post=39"}],"version-history":[{"count":7,"href":"https:\/\/wytiwisq.fr\/index.php\/wp-json\/wp\/v2\/pages\/39\/revisions"}],"predecessor-version":[{"id":97,"href":"https:\/\/wytiwisq.fr\/index.php\/wp-json\/wp\/v2\/pages\/39\/revisions\/97"}],"wp:attachment":[{"href":"https:\/\/wytiwisq.fr\/index.php\/wp-json\/wp\/v2\/media?parent=39"}],"curies":[{"name":"wp","href":"https:\/\/api.w.org\/{rel}","templated":true}]}}